 Let l(c) = -100*c - 118. Let x(s) = 19*a(s) + 6*l(s). What is x(0)?
33
Let s(b) = -b**2 + 51*b + 9. Let a(t) = 4*t**2 - 136*t - 26. Let v(m) = 3*a(m) + 8*s(m). What is v(0)?
-6
Let x(c) = 3*c**2 - 11*c + 20. Suppose -u - 21 = -6*u - d, 0 = 5*d + 20. Let b(h) = -h**2 + 5*h - 9. Let o(z) = u*b(z) + 2*x(z). What is o(-4)?
-1
Let j(b) = -33 + 77 + 302*b - 286*b. What is j(-4)?
-20
Let s(a) = 345*a + 26. Let f be s(14). Let n(l) = -4856 - 3*l + f. Determine n(-4).
12
Let r(g) = g**3 + 8*g**2 + 5*g + 7. Suppose 5*d + 5 = 0, 4*d + 4 = 14*q - 15*q. Suppose -2*p + 6*p - y + 27 = q, 4*y - 24 = 4*p. Calculate r(p).
21
Let t(z) be the first derivative of z**3/3 + z**2/2 - 8*z + 3367. Give t(-5).
12
Let y(s) be the third derivative of -s**5/40 + s**4/3 - 3*s**3 + 51*s**2. Let b(w) be the first derivative of y(w). Determine b(6).
-10
Suppose 3*s = 4*z - 3, 10*s + 4 = -4*z + 6*s. Suppose z = -130*y + 137*y - 14. Let d(k) = k**3 - 3*k**2 - 3*k + 3. Determine d(y).
-7
Suppose -2*j = -5*w, -6*w = -3*j - 3*w - 18. Let v = 4 + j. Let b(l) = -3*l + 8*l**2 + 0*l + l**3 - 1 - 2*l**2. Give b(v).
17
Let v(m) be the first derivative of -m**4/4 + m**3/3 - m**2/2 - m + 18. Let g(w) = w**3 + 15*w**2 - 3*w - 45. Let f be g(-15). Give v(f).
-1
Suppose 12 = -22*g + 18*g. Let y(q) = -q**3 - q**2 - 9. Let j be y(g). Let h(v) = -5*v**2 + 1 + 15*v**2 - j*v**2. Give h(1).
2
Let a(m) be the third derivative of 20*m**2 - 1/12*m**4 + 1/60*m**5 + 0 + 0*m - 7/6*m**3. Let i(t) = t**3 + 5*t**2 + 2*t - 3. Let u be i(-4). Determine a(u).
8
Let r(c) = 666*c - 139. Let z(j) = -89*j + 20. Let n(d) = -2*r(d) - 15*z(d). Suppose -5*u + 43 = 2*x, 2*u - x + 17 = 4*u. What is n(u)?
5
Let q = -1431 - -1458. Let l(t) = -t + 15. Calculate l(q).
-12
Let a(h) = -13*h**2 + 9*h - 1. Suppose 2*q + 8 = 6*q - 4. Determine a(q).
-91
Suppose 6*r - 28 + 10 = 0. Suppose -4*q = r*q + 56. Let p(g) = -g**3 - 9*g**2 - 8*g - 5. What is p(q)?
-5
Let c(n) = -4 + 0 + 4*n**2 - n**3 - 2*n + 4*n. Let x = 26336 + -26333. What is c(x)?
11
Let r(t) = 9 + 7*t**2 - 1 - 9*t - t**2 - 4*t**2 - t**2. Give r(7).
-6
Let d be 2/4*10 + -1*1/1. Let q(z) = -z**3 + 3*z**2 + 5*z + 3. What is q(d)?
7
Let m = -4889 + 4890. Let c(k) = -11*k + 3. What is c(m)?
-8
Let m(j) be the first derivative of j**3/3 - 30*j**2 + 762*j + 2432. Give m(18).
6
Let m(c) be the first derivative of c**4/12 - c**3/6 - 7*c**2 + 123*c + 111. Let t(f) be the first derivative of m(f). Give t(0).
-14
Let z(u) = -31 + 23 + 23*u - 19 + u**2 - 5*u - 7*u. What is z(-14)?
15
Let j(i) = i**3 - 4*i**2 + 2*i + 2. Suppose z - 4*z + 5 = 4*n, 4*n - 7 = -z. Suppose 2*f - 4 = n*c, 4*c = 5*c. What is j(f)?
-2
Let u(z) = -2*z**3 + 0*z + 30 + z**2 + z + z**3. Let o be (9 - 9)*-1*26/(-104). Determine u(o).
30
Let x be (-11)/33 + 2 + 4264/(-6). Let w = 715 + x. Let j(k) = k**3 - 7*k**2 + 4*k - 2. Calculate j(w).
-14
Let h(y) = -3*y**2 - 5*y - 4. Suppose 8 = -0*v + 2*v. Let t = 73 + -64. Suppose -v*q + 15 = -t*q. Give h(q).
-16
Let z(h) = 150 - 80 + 2*h - 71. Let j be 1/(1 + (-8)/6). Calculate z(j).
-7
Let h(u) = -u**3 + 5*u**2 - 3*u - 4. Let o(p) = -8*p - 6. Let z be o(-2). Suppose -206 = z*f - 566. Let k = f + -33. What is h(k)?
5
Let d be (150/(-7))/((-5)/(-77 + 7)). Let g = -27 + 15. Let n be 2/g + d/(-72). Let f(j) = -j**3 + 5*j**2 - 3*j + 4. Give f(n).
8
Let h be -3*2/4*(-8)/6. Suppose -2*i + 16 = h*i. Let f(n) = n**2 + 2*n**2 - 5*n**3 + 4*n**3 - 2 + 3*n + 0. Calculate f(i).
-6
Suppose 2*x = 4, 0 = 3*d - 4*d + 4*x - 2. Let y(r) be the second derivative of r**4/12 - 7*r**3/6 + r**2 - 18*r. Determine y(d).
-4
Let r(x) = -2*x**2 + 19*x + 12. Let q be (-104)/(-65)*125/20. Determine r(q).
2
Let g = 35 - -13. Suppose -45 = 4*q - 5*v, 0 = -5*q - 4*v + 2*v - g. Let r = -20 - q. Let f(i) = -i - 11. Calculate f(r).
-1
Let y(l) = -l + 11. Suppose 20 = 4*a, 3*a - 194 - 313 = 3*p. Let o = p - -172. Calculate y(o).
3
Let j = -109358 + 109347. Let n(x) = 2*x + 7 + 0*x - x. What is n(j)?
-4
Suppose -k - 2*r = 9, r + 1 = 4. Let l(o) be the third derivative of o**4/24 + 19*o**3/6 - 4*o**2 + 3*o. What is l(k)?
4
Suppose 4*t = -q + 12, -2*t + 21 + 5 = 3*q. Let b(x) = 5*x - 32. Calculate b(q).
8
Suppose 39 = -4*p + 5*i, 0 = -4*i - 15 + 27. Let r(u) = -2*u**2 - 10*u - 13. Determine r(p).
-25
Let h = -5 - -3. Let c(w) = -15 - w - 4 + 27. Let j(g) = g - 7. Let i(m) = h*j(m) - 3*c(m). What is i(0)?
-10
Let t(p) = -5*p + 5*p - 11*p - 3*p**2 + 9 - 6*p + 5*p**2. Let d = -11 - -19. Calculate t(d).
1
Let n(x) be the second derivative of x**3/3 - 23*x**2/2 - 1073*x. Calculate n(10).
-3
Suppose -472 = 124*z + 644. Let i(n) be the first derivative of -n**3/3 - 9*n**2/2 + 6*n + 1. Determine i(z).
6
Let q(i) = 6*i - 5. Let f(z) = 32*z**2 - 7*z**2 + 50*z + z**3 - 46 + 58*z - 130*z + 155. Let u be f(-26). What is q(u)?
25
Let u(n) = -12*n - 2. Let r(f) = f**2 + 108*f + 1398. Let l be r(-15). Determine u(l).
-38
Let n(k) be the second derivative of 11*k + 1/20*k**5 - 1/3*k**4 - 1/6*k**3 + 3*k**2 + 0. Calculate n(3).
-6
Let j(l) = l**2 + 11*l + 10. Let o be j(-10). Suppose o = -24*v - 20 - 4. Let i(h) = -3*h**2 - 2*h. Determine i(v).
-1
Let f(z) = -z**2 - z + 2. Let w(s) = s**3 + 3*s**2 + s + 6. Let n be w(-2). Suppose 4*d + n = -2*v, -5*v = -0*v - 10. Calculate f(d).
-4
Let k be 270/15 + -14 + -2. Let r(x) be the third derivative of 0 - 1/3*x**3 + 0*x - 1/24*x**4 + 32*x**k. Calculate r(6).
-8
Let g(y) = -23*y**2 + 21*y + 18. Let a(h) = 53*h**2 - 43*h - 40. Let s(v) = -3*a(v) - 7*g(v). Give s(9).
-6
Let o = 262 + -260. Let t(s) = -1. Let l(a) = -a - 1. Let h(d) = 3*l(d) - 5*t(d). Determine h(o).
-4
Let m(t) = -9*t**3 + 7*t**2 + 42*t - 127. Let s(p) = 5*p**3 - 4*p**2 - 24*p + 65. Let k(f) = 4*m(f) + 7*s(f). Calculate k(0).
-53
Let v = 879 - 857. Let f(c) = -c**3 + 22*c**2 + 4*c - 96. What is f(v)?
-8
Suppose -4*k + 2*k = 0. Let l(b) = b - 2*b + 5 - 9 + 5 - 12 + 5. Determine l(k).
-6
Let m(k) be the third derivative of k**6/360 - k**5/15 + k**4/6 + 41*k**3/3 - 112*k**2. Let r(w) be the first derivative of m(w). Calculate r(5).
-11
Let m(w) = -226*w - 4970. Let h be m(-22). Let r(f) be the first derivative of h*f - 2/3*f**3 - f**2 + 13 + 1/2*f**4. Calculate r(2).
6
Suppose 9*c = -0 - 18, 4*c + 17 = q. Let g = -4 - -2. Let f(b) = -b**3 + 1. Let o(d) = -d**3 - 8*d**2 - 9*d + 5. Let m(u) = g*f(u) + o(u). Calculate m(q).
3
Let n(m) = -m**3 - 2*m**2 + m + 3. Let g be n(0). Let b(u) = -g*u - 2 + 9 + 0 + 0*u. Let y be (24/2 + -2)*(-8)/(-16). What is b(y)?
-8
Let g be 111 + -8 - (-7)/1. Suppose -108*x = -g*x + 10. Let u(d) = -d - 4. Determine u(x).
-9
Let o = 17177 + -17157. Let r(k) = 2*k - 36. What is r(o)?
4
Let h(l) be the first derivative of 25*l**3/3 + 249*l**2/2 - 15*l - 5854. Calculate h(-10).
-5
Let a(k) = 401*k + 394. Let g(y) = -84*y - 79. Let m(u) = 3*a(u) + 14*g(u). Calculate m(-3).
-5
Let k(j) = -16*j + 48. Let f(l) = -11*l + 32. Let u(x) = 7*f(x) - 5*k(x). Let z be (-6 - (-80)/(10 + -20))*1/(-2). What is u(z)?
5
Suppose -4*n + 3*h - 42 = h, -4*n = h + 33. Let l be (-3 + 26/9)*n. Let b(x) = -l + 6*x - 4 + 0 + 0*x**3 - x**3 + 5*x**2. Give b(6).
-5
Let v(r) = -r**2 + 9*r + 4. Let m = -325 - -328. Suppose 3*x = -3*f + 15, -3*x = -153*f + 154*f + m. Calculate v(f).
4
Let s(z) = -z**2 + 10. Let q(f) = f**3 - 13*f**2 + 13*f - 8. Let d be q(12). Suppose -4*o - 8 = 3*h, -4*o + 0 = d*h + 8. Suppose 12*l - 4*l = h. Determine s(l).
10
Let h = 7793 - 7790. Let f(x) = 8*x**2 - 24*x - 2. Determine f(h).
-2
Let m(x) = -2*x**3 + x**2 + x - 6. Let u(p) = 10*p**3 - 6*p**2 - 5*p + 32. Let b(s) = -11*m(s) - 2*u(s). Determine b(0).
2
Let a(c) = 3*c**2 - 35*c - 33. Let x(y) = 2*y**2 - 33*y - 33. Let f(i) = 4*a(i) - 5*x(i). Let h be f(-11). Let o(r) = -1 + 3*r - 2*r + 2. What is o(h)?
1
Let d(g) = -2*g + 6*g + g**2 - 5 - 8*g + 2. Let j be d(5). Let u(a) be the first derivative of -a**4/4 + 2*a**3/3 - a**2 - a - 40. Give u(j).
-5
Let z(v) = -3*v + 15. Let j(i) = -4*i + 16. Let u(q) = -4*j(q) + 5*z(q). Let m be 3 + 1 - (-8 - -1). Suppose -m*c + 15*c = 0. Give u(c).
11
Let d(t) = -259*t**3 + 258*t**3 - 11*t + 8*t**2 - 7 - 5*t + 18*t - 5*t - 3*t. Let v(x) = x**2 + x - 3. Let g be v(0). Let p be (-1)/g*(20 - -1). Determine d(p).
0
Suppose 2*x = 3*o - 6, 2*x + 1 = -3*x + 4*o. Let l(a) = -1 + a**3 + x*a + 26*a**2 - 10*a - 32*a**2. What is